{"id":5574,"date":"2016-12-03T15:44:41","date_gmt":"2016-12-03T15:44:41","guid":{"rendered":"http:\/\/demo.wpzoom.com\/inspiro\/?page_id=5574"},"modified":"2021-12-24T14:07:53","modified_gmt":"2021-12-24T13:07:53","slug":"services","status":"publish","type":"page","link":"https:\/\/residencelapiazza.com\/?page_id=5574","title":{"rendered":"Les prestations"},"content":{"rendered":"\t\t<div data-elementor-type=\"wp-page\" data-elementor-id=\"5574\" class=\"elementor elementor-5574\" data-elementor-settings=\"[]\">\n\t\t\t\t\t\t<div class=\"elementor-inner\">\n\t\t\t\t\t\t\t<div class=\"elementor-section-wrap\">\n\t\t\t\t\t\t\t<section class=\"elementor-section elementor-top-section elementor-element elementor-element-ae7ec6e elementor-section-boxed elementor-section-height-default elementor-section-height-default\" data-id=\"ae7ec6e\" data-element_type=\"section\">\n\t\t\t\t\t\t<div class=\"elementor-container elementor-column-gap-default\">\n\t\t\t\t\t\t\t<div class=\"elementor-row\">\n\t\t\t\t\t<div class=\"elementor-column elementor-col-50 elementor-top-column elementor-element elementor-element-b136cc6\" data-id=\"b136cc6\" data-element_type=\"column\">\n\t\t\t<div class=\"elementor-column-wrap elementor-element-populated\">\n\t\t\t\t\t\t\t<div class=\"elementor-widget-wrap\">\n\t\t\t\t\t\t<div class=\"elementor-element elementor-element-dab1f9b elementor-widget elementor-widget-text-editor\" data-id=\"dab1f9b\" data-element_type=\"widget\" data-widget_type=\"text-editor.default\">\n\t\t\t\t<div class=\"elementor-widget-container\">\n\t\t\t\t\t\t\t\t<div class=\"elementor-text-editor elementor-clearfix\">\n\t\t\t\t<p><strong><span style=\"color: #008000;\">La Piazza<\/span> <\/strong>est un lieu de r\u00e9sidence distingu\u00e9 situ\u00e9 \u00e0 proximit\u00e9 du p\u00f4le universitaire El Bouni \u00e0 Annaba.<\/p><p><strong><span style=\"color: #008000;\">La Piazza<\/span><\/strong> comporte 220 logements, une cr\u00e8che, un jardin am\u00e9nag\u00e9, une salle de sport, des commerces et trois nivaux de parking en sous-sol.<\/p><p><strong><span style=\"color: #008000;\">La Piazza<\/span><\/strong> est un lieu convivial, s\u00e9curis\u00e9 o\u00f9 il fait bon vivre<\/p><p>\u00a0<\/p>\t\t\t\t\t<\/div>\n\t\t\t\t\t\t<\/div>\n\t\t\t\t<\/div>\n\t\t\t\t<div class=\"elementor-element elementor-element-1e37fb9 elementor-widget elementor-widget-image\" data-id=\"1e37fb9\" data-element_type=\"widget\" data-widget_type=\"image.default\">\n\t\t\t\t<div class=\"elementor-widget-container\">\n\t\t\t\t\t\t\t\t<div class=\"elementor-image\">\n\t\t\t\t\t\t\t\t\t\t\t\t<img loading=\"lazy\" decoding=\"async\" width=\"960\" height=\"720\" src=\"https:\/\/residencelapiazza.com\/wp-content\/uploads\/2021\/12\/Cuisine.jpg\" class=\"attachment-inspiro-featured-image size-inspiro-featured-image\" alt=\"\" srcset=\"https:\/\/residencelapiazza.com\/wp-content\/uploads\/2021\/12\/Cuisine.jpg 960w, https:\/\/residencelapiazza.com\/wp-content\/uploads\/2021\/12\/Cuisine-300x225.jpg 300w, https:\/\/residencelapiazza.com\/wp-content\/uploads\/2021\/12\/Cuisine-768x576.jpg 768w\" sizes=\"auto, 100vw\" \/>\t\t\t\t\t\t\t\t\t\t\t\t\t\t<\/div>\n\t\t\t\t\t\t<\/div>\n\t\t\t\t<\/div>\n\t\t\t\t<div class=\"elementor-element elementor-element-4be06f3 elementor-widget elementor-widget-text-editor\" data-id=\"4be06f3\" data-element_type=\"widget\" data-widget_type=\"text-editor.default\">\n\t\t\t\t<div class=\"elementor-widget-container\">\n\t\t\t\t\t\t\t\t<div class=\"elementor-text-editor elementor-clearfix\">\n\t\t\t\t<p>En int\u00e9rieur comme en ext\u00e9rieur, la SNC GHIMOUZ IMMOBILIER innove et propose des \u00e9quipements personnalis\u00e9s et adapt\u00e9s \u00e0 votre quotidien. Ensemble, d\u00e9couvrons l\u2019avenir de l&#8217;immobilier en Alg\u00e9rie gr\u00e2ce au logement de demain !<\/p><ul><li>Le chauffage central gr\u00e2ce \u00e0 une chaudi\u00e8re murale<\/li><li>La climatisation centrale gr\u00e2ce \u00e0 une machine unique et un syst\u00e8me de soufflage multi-buses<\/li><li>Tous les appartements sont dot\u00e9s de stockages d&#8217;eau potable desservies par des b\u00e2ches \u00e0 eau communes<\/li><li>Un interphone li\u00e9 aux acc\u00e8s principaux de la r\u00e9sidence assurance la s\u00e9curit\u00e9 et l&#8217;exclusivit\u00e9 de passage<\/li><\/ul><p>C\u00f4t\u00e9 co\u00fbt, vous profitez d\u2019une offre tarifaire comp\u00e9titive et d\u2019un forfait tout compris<\/p>\t\t\t\t\t<\/div>\n\t\t\t\t\t\t<\/div>\n\t\t\t\t<\/div>\n\t\t\t\t\t\t<\/div>\n\t\t\t\t\t<\/div>\n\t\t<\/div>\n\t\t\t\t<div class=\"elementor-column elementor-col-50 elementor-top-column elementor-element elementor-element-ee005d5\" data-id=\"ee005d5\" data-element_type=\"column\">\n\t\t\t<div class=\"elementor-column-wrap elementor-element-populated\">\n\t\t\t\t\t\t\t<div class=\"elementor-widget-wrap\">\n\t\t\t\t\t\t<div class=\"elementor-element elementor-element-1154aab elementor-widget elementor-widget-image\" data-id=\"1154aab\" data-element_type=\"widget\" data-widget_type=\"image.default\">\n\t\t\t\t<div class=\"elementor-widget-container\">\n\t\t\t\t\t\t\t\t<div class=\"elementor-image\">\n\t\t\t\t\t\t\t\t\t<figure class=\"wp-caption\">\n\t\t\t\t\t\t\t\t\t\t<img loading=\"lazy\" decoding=\"async\" width=\"960\" height=\"720\" src=\"https:\/\/residencelapiazza.com\/wp-content\/uploads\/2021\/12\/salon.jpg\" class=\"attachment-inspiro-featured-image size-inspiro-featured-image\" alt=\"\" srcset=\"https:\/\/residencelapiazza.com\/wp-content\/uploads\/2021\/12\/salon.jpg 960w, https:\/\/residencelapiazza.com\/wp-content\/uploads\/2021\/12\/salon-300x225.jpg 300w, https:\/\/residencelapiazza.com\/wp-content\/uploads\/2021\/12\/salon-768x576.jpg 768w\" sizes=\"auto, 100vw\" \/>\t\t\t\t\t\t\t\t\t\t\t<figcaption class=\"widget-image-caption wp-caption-text\"><\/figcaption>\n\t\t\t\t\t\t\t\t\t\t<\/figure>\n\t\t\t\t\t\t\t\t<\/div>\n\t\t\t\t\t\t<\/div>\n\t\t\t\t<\/div>\n\t\t\t\t<div class=\"elementor-element elementor-element-20b5b61 elementor-widget elementor-widget-text-editor\" data-id=\"20b5b61\" data-element_type=\"widget\" data-widget_type=\"text-editor.default\">\n\t\t\t\t<div class=\"elementor-widget-container\">\n\t\t\t\t\t\t\t\t<div class=\"elementor-text-editor elementor-clearfix\">\n\t\t\t\t<p>Design\u00e9es et pos\u00e9es par notre partenaire, les cuisines cl\u00e9 en main n\u2019ont jamais \u00e9t\u00e9 aussi simples et accessible sont adapt\u00e9es \u00e0 votre logement : elles s&#8217;int\u00e8grent \u00e0 la perfection dans votre futur espace. Vous ne perdez ni temps, ni \u00e9nergie \u00e0 concevoir la cuisine id\u00e9ale : Vous choisissez votre coloris et vos \u00e9quipements \u00e9lectrom\u00e9nagers et la SNC GHIMOUZ IMMOBILIER s&#8217;occupe de tout pour vous, de l&#8217;installation \u00e0 la mise en service.<\/p><p>\u00a0<\/p>\t\t\t\t\t<\/div>\n\t\t\t\t\t\t<\/div>\n\t\t\t\t<\/div>\n\t\t\t\t<div class=\"elementor-element elementor-element-5a9c3fa elementor-widget elementor-widget-image\" data-id=\"5a9c3fa\" data-element_type=\"widget\" data-widget_type=\"image.default\">\n\t\t\t\t<div class=\"elementor-widget-container\">\n\t\t\t\t\t\t\t\t<div class=\"elementor-image\">\n\t\t\t\t\t\t\t\t\t\t\t\t<img loading=\"lazy\" decoding=\"async\" width=\"950\" height=\"713\" src=\"https:\/\/residencelapiazza.com\/wp-content\/uploads\/2021\/12\/Salle-de-bain.jpg\" class=\"attachment-large size-large\" alt=\"\" srcset=\"https:\/\/residencelapiazza.com\/wp-content\/uploads\/2021\/12\/Salle-de-bain.jpg 960w, https:\/\/residencelapiazza.com\/wp-content\/uploads\/2021\/12\/Salle-de-bain-300x225.jpg 300w, https:\/\/residencelapiazza.com\/wp-content\/uploads\/2021\/12\/Salle-de-bain-768x576.jpg 768w\" sizes=\"auto, 100vw\" \/>\t\t\t\t\t\t\t\t\t\t\t\t\t\t<\/div>\n\t\t\t\t\t\t<\/div>\n\t\t\t\t<\/div>\n\t\t\t\t\t\t<\/div>\n\t\t\t\t\t<\/div>\n\t\t<\/div>\n\t\t\t\t\t\t\t\t<\/div>\n\t\t\t\t\t<\/div>\n\t\t<\/section>\n\t\t\t\t<section class=\"elementor-section elementor-top-section elementor-element elementor-element-7d1bb2b3 elementor-section-boxed elementor-section-height-default elementor-section-height-default\" data-id=\"7d1bb2b3\" data-element_type=\"section\">\n\t\t\t\t\t\t<div class=\"elementor-container elementor-column-gap-default\">\n\t\t\t\t\t\t\t<div class=\"elementor-row\">\n\t\t\t\t\t<div class=\"elementor-column elementor-col-100 elementor-top-column elementor-element elementor-element-721e20c\" data-id=\"721e20c\" data-element_type=\"column\">\n\t\t\t<div class=\"elementor-column-wrap\">\n\t\t\t\t\t\t\t<div class=\"elementor-widget-wrap\">\n\t\t\t\t\t\t\t\t<\/div>\n\t\t\t\t\t<\/div>\n\t\t<\/div>\n\t\t\t\t\t\t\t\t<\/div>\n\t\t\t\t\t<\/div>\n\t\t<\/section>\n\t\t\t\t<section class=\"elementor-section elementor-top-section elementor-element elementor-element-4ab71388 elementor-section-full_width elementor-section-height-default elementor-section-height-default\" data-id=\"4ab71388\" data-element_type=\"section\" data-settings=\"{&quot;background_background&quot;:&quot;classic&quot;}\">\n\t\t\t\t\t\t\t<div class=\"elementor-background-overlay\"><\/div>\n\t\t\t\t\t\t\t<div class=\"elementor-container elementor-column-gap-no\">\n\t\t\t\t\t\t\t<div class=\"elementor-row\">\n\t\t\t\t\t<div class=\"elementor-column elementor-col-100 elementor-top-column elementor-element elementor-element-4fa53bf6\" data-id=\"4fa53bf6\" data-element_type=\"column\">\n\t\t\t<div class=\"elementor-column-wrap elementor-element-populated\">\n\t\t\t\t\t\t\t<div class=\"elementor-widget-wrap\">\n\t\t\t\t\t\t<section class=\"elementor-section elementor-inner-section elementor-element elementor-element-706ee859 elementor-section-boxed elementor-section-height-default elementor-section-height-default\" data-id=\"706ee859\" data-element_type=\"section\">\n\t\t\t\t\t\t<div class=\"elementor-container elementor-column-gap-default\">\n\t\t\t\t\t\t\t<div class=\"elementor-row\">\n\t\t\t\t\t<div class=\"elementor-column elementor-col-100 elementor-inner-column elementor-element elementor-element-78f111f9\" data-id=\"78f111f9\" data-element_type=\"column\">\n\t\t\t<div class=\"elementor-column-wrap elementor-element-populated\">\n\t\t\t\t\t\t\t<div class=\"elementor-widget-wrap\">\n\t\t\t\t\t\t<div class=\"elementor-element elementor-element-ae72409 elementor-widget elementor-widget-heading\" data-id=\"ae72409\" data-element_type=\"widget\" data-widget_type=\"heading.default\">\n\t\t\t\t<div class=\"elementor-widget-container\">\n\t\t\t<h2 class=\"elementor-heading-title elementor-size-default\">Pourquoi choisir la piazza ?<\/h2>\t\t<\/div>\n\t\t\t\t<\/div>\n\t\t\t\t\t\t<\/div>\n\t\t\t\t\t<\/div>\n\t\t<\/div>\n\t\t\t\t\t\t\t\t<\/div>\n\t\t\t\t\t<\/div>\n\t\t<\/section>\n\t\t\t\t<section class=\"elementor-section elementor-inner-section elementor-element elementor-element-49a1da5 elementor-section-boxed elementor-section-height-default elementor-section-height-default\" data-id=\"49a1da5\" data-element_type=\"section\">\n\t\t\t\t\t\t<div class=\"elementor-container elementor-column-gap-default\">\n\t\t\t\t\t\t\t<div class=\"elementor-row\">\n\t\t\t\t\t<div class=\"elementor-column elementor-col-33 elementor-inner-column elementor-element elementor-element-31bb2a30\" data-id=\"31bb2a30\" data-element_type=\"column\">\n\t\t\t<div class=\"elementor-column-wrap elementor-element-populated\">\n\t\t\t\t\t\t\t<div class=\"elementor-widget-wrap\">\n\t\t\t\t\t\t<div class=\"elementor-element elementor-element-3465944d elementor-view-default elementor-position-top elementor-vertical-align-top elementor-widget elementor-widget-icon-box\" data-id=\"3465944d\" data-element_type=\"widget\" data-widget_type=\"icon-box.default\">\n\t\t\t\t<div class=\"elementor-widget-container\">\n\t\t\t\t\t<div class=\"elementor-icon-box-wrapper\">\n\t\t\t\t\t\t<div class=\"elementor-icon-box-icon\">\n\t\t\t\t<span class=\"elementor-icon elementor-animation-\" >\n\t\t\t\t<i aria-hidden=\"true\" class=\"fas fa-home\"><\/i>\t\t\t\t<\/span>\n\t\t\t<\/div>\n\t\t\t\t\t\t<div class=\"elementor-icon-box-content\">\n\t\t\t\t<h3 class=\"elementor-icon-box-title\">\n\t\t\t\t\t<span  >\n\t\t\t\t\t\tLe standing\t\t\t\t\t<\/span>\n\t\t\t\t<\/h3>\n\t\t\t\t\t\t\t\t\t<p class=\"elementor-icon-box-description\">\n\t\t\t\t\t\tHabiter dans un b\u00e2timent \u00e0 l'architecture esth\u00e9tique et innovante vous procure plaisir et fiert\u00e9. En plus, un design de qualit\u00e9 renforce la prise de valeur de votre bien dans le temps. \t\t\t\t\t<\/p>\n\t\t\t\t\t\t\t<\/div>\n\t\t<\/div>\n\t\t\t\t<\/div>\n\t\t\t\t<\/div>\n\t\t\t\t\t\t<\/div>\n\t\t\t\t\t<\/div>\n\t\t<\/div>\n\t\t\t\t<div class=\"elementor-column elementor-col-33 elementor-inner-column elementor-element elementor-element-2d330f5c\" data-id=\"2d330f5c\" data-element_type=\"column\">\n\t\t\t<div class=\"elementor-column-wrap elementor-element-populated\">\n\t\t\t\t\t\t\t<div class=\"elementor-widget-wrap\">\n\t\t\t\t\t\t<div class=\"elementor-element elementor-element-e121e01 elementor-view-default elementor-position-top elementor-vertical-align-top elementor-widget elementor-widget-icon-box\" data-id=\"e121e01\" data-element_type=\"widget\" data-widget_type=\"icon-box.default\">\n\t\t\t\t<div class=\"elementor-widget-container\">\n\t\t\t\t\t<div class=\"elementor-icon-box-wrapper\">\n\t\t\t\t\t\t<div class=\"elementor-icon-box-icon\">\n\t\t\t\t<span class=\"elementor-icon elementor-animation-\" >\n\t\t\t\t<i aria-hidden=\"true\" class=\"fas fa-medal\"><\/i>\t\t\t\t<\/span>\n\t\t\t<\/div>\n\t\t\t\t\t\t<div class=\"elementor-icon-box-content\">\n\t\t\t\t<h3 class=\"elementor-icon-box-title\">\n\t\t\t\t\t<span  >\n\t\t\t\t\t\tUne premi\u00e8re en Alg\u00e9rie\t\t\t\t\t<\/span>\n\t\t\t\t<\/h3>\n\t\t\t\t\t\t\t\t\t<p class=\"elementor-icon-box-description\">\n\t\t\t\t\t\tConfort de vie et optimisation des rangements ou des circulations pour lib\u00e9rer de l'espace... \nPour nous, votre qualit\u00e9 de vie est une priorit\u00e9. \t\t\t\t\t<\/p>\n\t\t\t\t\t\t\t<\/div>\n\t\t<\/div>\n\t\t\t\t<\/div>\n\t\t\t\t<\/div>\n\t\t\t\t\t\t<\/div>\n\t\t\t\t\t<\/div>\n\t\t<\/div>\n\t\t\t\t<div class=\"elementor-column elementor-col-33 elementor-inner-column elementor-element elementor-element-779f5fda\" data-id=\"779f5fda\" data-element_type=\"column\">\n\t\t\t<div class=\"elementor-column-wrap elementor-element-populated\">\n\t\t\t\t\t\t\t<div class=\"elementor-widget-wrap\">\n\t\t\t\t\t\t<div class=\"elementor-element elementor-element-e4551cd elementor-view-default elementor-position-top elementor-vertical-align-top elementor-widget elementor-widget-icon-box\" data-id=\"e4551cd\" data-element_type=\"widget\" data-widget_type=\"icon-box.default\">\n\t\t\t\t<div class=\"elementor-widget-container\">\n\t\t\t\t\t<div class=\"elementor-icon-box-wrapper\">\n\t\t\t\t\t\t<div class=\"elementor-icon-box-icon\">\n\t\t\t\t<span class=\"elementor-icon elementor-animation-\" >\n\t\t\t\t<i aria-hidden=\"true\" class=\"fas fa-user-shield\"><\/i>\t\t\t\t<\/span>\n\t\t\t<\/div>\n\t\t\t\t\t\t<div class=\"elementor-icon-box-content\">\n\t\t\t\t<h3 class=\"elementor-icon-box-title\">\n\t\t\t\t\t<span  >\n\t\t\t\t\t\tPartenaire de confiance\t\t\t\t\t<\/span>\n\t\t\t\t<\/h3>\n\t\t\t\t\t\t\t\t\t<p class=\"elementor-icon-box-description\">\n\t\t\t\t\t\tNous travaillons avec chacun de nos clients dans une d\u00e9marche de transparence, cela fait partie de nos valeurs\t\t\t\t\t<\/p>\n\t\t\t\t\t\t\t<\/div>\n\t\t<\/div>\n\t\t\t\t<\/div>\n\t\t\t\t<\/div>\n\t\t\t\t\t\t<\/div>\n\t\t\t\t\t<\/div>\n\t\t<\/div>\n\t\t\t\t\t\t\t\t<\/div>\n\t\t\t\t\t<\/div>\n\t\t<\/section>\n\t\t\t\t\t\t<\/div>\n\t\t\t\t\t<\/div>\n\t\t<\/div>\n\t\t\t\t\t\t\t\t<\/div>\n\t\t\t\t\t<\/div>\n\t\t<\/section>\n\t\t\t\t<section class=\"elementor-section elementor-top-section elementor-element elementor-element-15fa8825 elementor-section-boxed elementor-section-height-default elementor-section-height-default\" data-id=\"15fa8825\" data-element_type=\"section\">\n\t\t\t\t\t\t<div class=\"elementor-container elementor-column-gap-no\">\n\t\t\t\t\t\t\t<div class=\"elementor-row\">\n\t\t\t\t\t<div class=\"elementor-column elementor-col-100 elementor-top-column elementor-element elementor-element-28bbf67e\" data-id=\"28bbf67e\" data-element_type=\"column\" data-settings=\"{&quot;background_background&quot;:&quot;gradient&quot;}\">\n\t\t\t<div class=\"elementor-column-wrap elementor-element-populated\">\n\t\t\t\t\t\t\t<div class=\"elementor-widget-wrap\">\n\t\t\t\t\t\t<div class=\"elementor-element elementor-element-58b47dc5 elementor-widget elementor-widget-heading\" data-id=\"58b47dc5\" data-element_type=\"widget\" data-widget_type=\"heading.default\">\n\t\t\t\t<div class=\"elementor-widget-container\">\n\t\t\t<h2 class=\"elementor-heading-title elementor-size-default\">L'empalacement de la piazza<\/h2>\t\t<\/div>\n\t\t\t\t<\/div>\n\t\t\t\t<div class=\"elementor-element elementor-element-856e267 elementor-widget elementor-widget-google_maps\" data-id=\"856e267\" data-element_type=\"widget\" data-widget_type=\"google_maps.default\">\n\t\t\t\t<div class=\"elementor-widget-container\">\n\t\t\t\t\t<div class=\"elementor-custom-embed\">\n\t\t\t<iframe frameborder=\"0\" scrolling=\"no\" marginheight=\"0\" marginwidth=\"0\"\n\t\t\t\t\tsrc=\"https:\/\/maps.google.com\/maps?q=R%C3%A9sidence%20la%20piazza%2C%20El%20Bouni%2C%20Annaba&#038;t=m&#038;z=15&#038;output=embed&#038;iwloc=near\"\n\t\t\t\t\ttitle=\"R\u00e9sidence la piazza, El Bouni, Annaba\"\n\t\t\t\t\taria-label=\"R\u00e9sidence la piazza, El Bouni, Annaba\"\n\t\t\t><\/iframe>\n\t\t<\/div>\n\t\t\t\t<\/div>\n\t\t\t\t<\/div>\n\t\t\t\t\t\t<\/div>\n\t\t\t\t\t<\/div>\n\t\t<\/div>\n\t\t\t\t\t\t\t\t<\/div>\n\t\t\t\t\t<\/div>\n\t\t<\/section>\n\t\t\t\t\t\t<\/div>\n\t\t\t\t\t\t<\/div>\n\t\t\t\t\t<\/div>\n\t\t","protected":false},"excerpt":{"rendered":"<p>La Piazza est un lieu de r\u00e9sidence distingu\u00e9 situ\u00e9 \u00e0 proximit\u00e9 du p\u00f4le universitaire El Bouni \u00e0 Annaba. La Piazza comporte 220 logements, une cr\u00e8che, un jardin am\u00e9nag\u00e9, une salle de sport, des commerces et trois nivaux de parking en sous-sol. La Piazza est un lieu convivial, s\u00e9curis\u00e9 o\u00f9 il fait bon vivre \u00a0 En &hellip; <\/p>\n<p class=\"link-more\"><a href=\"https:\/\/residencelapiazza.com\/?page_id=5574\" class=\"more-link\">Read more<span class=\"screen-reader-text\"> &#8220;Les prestations&#8221;<\/span><\/a><\/p>\n","protected":false},"author":1,"featured_media":0,"parent":0,"menu_order":0,"comment_status":"closed","ping_status":"closed","template":"page-templates\/full-width-builder-bb.php","meta":{"_monsterinsights_skip_tracking":false,"_monsterinsights_sitenote_active":false,"_monsterinsights_sitenote_note":"","_monsterinsights_sitenote_category":0,"footnotes":""},"class_list":["post-5574","page","type-page","status-publish","hentry"],"yoast_head":"<!-- This site is optimized with the Yoast SEO plugin v18.2 - https:\/\/yoast.com\/wordpress\/plugins\/seo\/ -->\n<title>Les prestations - La Piazza<\/title>\n<meta name=\"robots\" content=\"index, follow, max-snippet:-1, max-image-preview:large, max-video-preview:-1\" \/>\n<link rel=\"canonical\" href=\"https:\/\/residencelapiazza.com\/?page_id=5574\" \/>\n<meta property=\"og:locale\" content=\"en_US\" \/>\n<meta property=\"og:type\" content=\"article\" \/>\n<meta property=\"og:title\" content=\"Les prestations - La Piazza\" \/>\n<meta property=\"og:description\" content=\"La Piazza est un lieu de r\u00e9sidence distingu\u00e9 situ\u00e9 \u00e0 proximit\u00e9 du p\u00f4le universitaire El Bouni \u00e0 Annaba. La Piazza comporte 220 logements, une cr\u00e8che, un jardin am\u00e9nag\u00e9, une salle de sport, des commerces et trois nivaux de parking en sous-sol. La Piazza est un lieu convivial, s\u00e9curis\u00e9 o\u00f9 il fait bon vivre \u00a0 En &hellip; Read more &quot;Les prestations&quot;\" \/>\n<meta property=\"og:url\" content=\"https:\/\/residencelapiazza.com\/?page_id=5574\" \/>\n<meta property=\"og:site_name\" content=\"La Piazza\" \/>\n<meta property=\"article:modified_time\" content=\"2021-12-24T13:07:53+00:00\" \/>\n<meta property=\"og:image\" content=\"https:\/\/residencelapiazza.com\/wp-content\/uploads\/2021\/12\/Cuisine.jpg\" \/>\n<meta name=\"twitter:card\" content=\"summary_large_image\" \/>\n<meta name=\"twitter:label1\" content=\"Est. reading time\" \/>\n\t<meta name=\"twitter:data1\" content=\"1 minute\" \/>\n<script type=\"application\/ld+json\" class=\"yoast-schema-graph\">{\"@context\":\"https:\/\/schema.org\",\"@graph\":[{\"@type\":\"Organization\",\"@id\":\"https:\/\/residencelapiazza.com\/#organization\",\"name\":\"La Piazza - R\u00e9sidence La Piazza\",\"url\":\"https:\/\/residencelapiazza.com\/\",\"sameAs\":[],\"logo\":{\"@type\":\"ImageObject\",\"@id\":\"https:\/\/residencelapiazza.com\/#logo\",\"inLanguage\":\"en-US\",\"url\":\"https:\/\/residencelapiazza.com\/wp-content\/uploads\/LOGOS\/cropped-logo_snc_ghimouz_immo.png\",\"contentUrl\":\"https:\/\/residencelapiazza.com\/wp-content\/uploads\/LOGOS\/cropped-logo_snc_ghimouz_immo.png\",\"width\":1175,\"height\":400,\"caption\":\"La Piazza - R\u00e9sidence La Piazza\"},\"image\":{\"@id\":\"https:\/\/residencelapiazza.com\/#logo\"}},{\"@type\":\"WebSite\",\"@id\":\"https:\/\/residencelapiazza.com\/#website\",\"url\":\"https:\/\/residencelapiazza.com\/\",\"name\":\"La Piazza\",\"description\":\"R\u00e9sidence La Piazza\",\"publisher\":{\"@id\":\"https:\/\/residencelapiazza.com\/#organization\"},\"potentialAction\":[{\"@type\":\"SearchAction\",\"target\":{\"@type\":\"EntryPoint\",\"urlTemplate\":\"https:\/\/residencelapiazza.com\/?s={search_term_string}\"},\"query-input\":\"required name=search_term_string\"}],\"inLanguage\":\"en-US\"},{\"@type\":\"ImageObject\",\"@id\":\"https:\/\/residencelapiazza.com\/?page_id=5574#primaryimage\",\"inLanguage\":\"en-US\",\"url\":\"https:\/\/residencelapiazza.com\/wp-content\/uploads\/2021\/12\/Cuisine.jpg\",\"contentUrl\":\"https:\/\/residencelapiazza.com\/wp-content\/uploads\/2021\/12\/Cuisine.jpg\",\"width\":960,\"height\":720},{\"@type\":\"WebPage\",\"@id\":\"https:\/\/residencelapiazza.com\/?page_id=5574#webpage\",\"url\":\"https:\/\/residencelapiazza.com\/?page_id=5574\",\"name\":\"Les prestations - La Piazza\",\"isPartOf\":{\"@id\":\"https:\/\/residencelapiazza.com\/#website\"},\"primaryImageOfPage\":{\"@id\":\"https:\/\/residencelapiazza.com\/?page_id=5574#primaryimage\"},\"datePublished\":\"2016-12-03T15:44:41+00:00\",\"dateModified\":\"2021-12-24T13:07:53+00:00\",\"breadcrumb\":{\"@id\":\"https:\/\/residencelapiazza.com\/?page_id=5574#breadcrumb\"},\"inLanguage\":\"en-US\",\"potentialAction\":[{\"@type\":\"ReadAction\",\"target\":[\"https:\/\/residencelapiazza.com\/?page_id=5574\"]}]},{\"@type\":\"BreadcrumbList\",\"@id\":\"https:\/\/residencelapiazza.com\/?page_id=5574#breadcrumb\",\"itemListElement\":[{\"@type\":\"ListItem\",\"position\":1,\"name\":\"Home\",\"item\":\"https:\/\/residencelapiazza.com\/\"},{\"@type\":\"ListItem\",\"position\":2,\"name\":\"Les prestations\"}]}]}<\/script>\n<!-- \/ Yoast SEO plugin. -->","yoast_head_json":{"title":"Les prestations - La Piazza","robots":{"index":"index","follow":"follow","max-snippet":"max-snippet:-1","max-image-preview":"max-image-preview:large","max-video-preview":"max-video-preview:-1"},"canonical":"https:\/\/residencelapiazza.com\/?page_id=5574","og_locale":"en_US","og_type":"article","og_title":"Les prestations - La Piazza","og_description":"La Piazza est un lieu de r\u00e9sidence distingu\u00e9 situ\u00e9 \u00e0 proximit\u00e9 du p\u00f4le universitaire El Bouni \u00e0 Annaba. La Piazza comporte 220 logements, une cr\u00e8che, un jardin am\u00e9nag\u00e9, une salle de sport, des commerces et trois nivaux de parking en sous-sol. La Piazza est un lieu convivial, s\u00e9curis\u00e9 o\u00f9 il fait bon vivre \u00a0 En &hellip; Read more \"Les prestations\"","og_url":"https:\/\/residencelapiazza.com\/?page_id=5574","og_site_name":"La Piazza","article_modified_time":"2021-12-24T13:07:53+00:00","og_image":[{"url":"https:\/\/residencelapiazza.com\/wp-content\/uploads\/2021\/12\/Cuisine.jpg"}],"twitter_card":"summary_large_image","twitter_misc":{"Est. reading time":"1 minute"},"schema":{"@context":"https:\/\/schema.org","@graph":[{"@type":"Organization","@id":"https:\/\/residencelapiazza.com\/#organization","name":"La Piazza - R\u00e9sidence La Piazza","url":"https:\/\/residencelapiazza.com\/","sameAs":[],"logo":{"@type":"ImageObject","@id":"https:\/\/residencelapiazza.com\/#logo","inLanguage":"en-US","url":"https:\/\/residencelapiazza.com\/wp-content\/uploads\/LOGOS\/cropped-logo_snc_ghimouz_immo.png","contentUrl":"https:\/\/residencelapiazza.com\/wp-content\/uploads\/LOGOS\/cropped-logo_snc_ghimouz_immo.png","width":1175,"height":400,"caption":"La Piazza - R\u00e9sidence La Piazza"},"image":{"@id":"https:\/\/residencelapiazza.com\/#logo"}},{"@type":"WebSite","@id":"https:\/\/residencelapiazza.com\/#website","url":"https:\/\/residencelapiazza.com\/","name":"La Piazza","description":"R\u00e9sidence La Piazza","publisher":{"@id":"https:\/\/residencelapiazza.com\/#organization"},"potentialAction":[{"@type":"SearchAction","target":{"@type":"EntryPoint","urlTemplate":"https:\/\/residencelapiazza.com\/?s={search_term_string}"},"query-input":"required name=search_term_string"}],"inLanguage":"en-US"},{"@type":"ImageObject","@id":"https:\/\/residencelapiazza.com\/?page_id=5574#primaryimage","inLanguage":"en-US","url":"https:\/\/residencelapiazza.com\/wp-content\/uploads\/2021\/12\/Cuisine.jpg","contentUrl":"https:\/\/residencelapiazza.com\/wp-content\/uploads\/2021\/12\/Cuisine.jpg","width":960,"height":720},{"@type":"WebPage","@id":"https:\/\/residencelapiazza.com\/?page_id=5574#webpage","url":"https:\/\/residencelapiazza.com\/?page_id=5574","name":"Les prestations - La Piazza","isPartOf":{"@id":"https:\/\/residencelapiazza.com\/#website"},"primaryImageOfPage":{"@id":"https:\/\/residencelapiazza.com\/?page_id=5574#primaryimage"},"datePublished":"2016-12-03T15:44:41+00:00","dateModified":"2021-12-24T13:07:53+00:00","breadcrumb":{"@id":"https:\/\/residencelapiazza.com\/?page_id=5574#breadcrumb"},"inLanguage":"en-US","potentialAction":[{"@type":"ReadAction","target":["https:\/\/residencelapiazza.com\/?page_id=5574"]}]},{"@type":"BreadcrumbList","@id":"https:\/\/residencelapiazza.com\/?page_id=5574#breadcrumb","itemListElement":[{"@type":"ListItem","position":1,"name":"Home","item":"https:\/\/residencelapiazza.com\/"},{"@type":"ListItem","position":2,"name":"Les prestations"}]}]}},"_links":{"self":[{"href":"https:\/\/residencelapiazza.com\/index.php?rest_route=\/wp\/v2\/pages\/5574","targetHints":{"allow":["GET"]}}],"collection":[{"href":"https:\/\/residencelapiazza.com\/index.php?rest_route=\/wp\/v2\/pages"}],"about":[{"href":"https:\/\/residencelapiazza.com\/index.php?rest_route=\/wp\/v2\/types\/page"}],"author":[{"embeddable":true,"href":"https:\/\/residencelapiazza.com\/index.php?rest_route=\/wp\/v2\/users\/1"}],"replies":[{"embeddable":true,"href":"https:\/\/residencelapiazza.com\/index.php?rest_route=%2Fwp%2Fv2%2Fcomments&post=5574"}],"version-history":[{"count":44,"href":"https:\/\/residencelapiazza.com\/index.php?rest_route=\/wp\/v2\/pages\/5574\/revisions"}],"predecessor-version":[{"id":7049,"href":"https:\/\/residencelapiazza.com\/index.php?rest_route=\/wp\/v2\/pages\/5574\/revisions\/7049"}],"wp:attachment":[{"href":"https:\/\/residencelapiazza.com\/index.php?rest_route=%2Fwp%2Fv2%2Fmedia&parent=5574"}],"curies":[{"name":"wp","href":"https:\/\/api.w.org\/{rel}","templated":true}]}}